 -7*v = -6*v - 15. What is the greatest common divisor of v and 30?
15
Suppose 4*c - c + 6 = 0. Let j = 22 + c. What is the greatest common factor of j and 40?
20
Suppose -17 = -4*i - 5*h - 0, -5*i - 2*h + 17 = 0. Suppose i*z = j + 12, j + 4 = -3*z + 16. Calculate the highest common factor of z and 4.
4
Let c(h) = 17*h**3 + 2. Let b be c(2). Suppose -30 + b = -4*f. Let n be (-51)/((f/(-24))/(-3)). What is the greatest common factor of 17 and n?
17
Let i = -7 - -8. Let o(t) = 4*t - 9. Let f be o(4). Calculate the greatest common divisor of i and f.
1
Let d(p) = 4*p + 3. Let c be d(8). What is the highest common divisor of 14 and c?
7
Suppose -3*o - 84 = -9*o. Let r be (2 + -9)*14/(-1). Calculate the greatest common divisor of o and r.
14
Suppose -y - 2*y + 45 = 0. Let x be 2 - (-1 - (-4)/(-2)). What is the greatest common factor of y and x?
5
Suppose 0 = 3*t - 104 - 19. Let x = -25 + t. Suppose 2*j - 7*s + 2*s = 21, 0 = -5*j - 4*s + 36. Calculate the highest common divisor of x and j.
8
Let t(b) = -3*b**2 - 10*b + 7. Let v(d) = d**2 - d + 1. Let c(a) = -t(a) - 4*v(a). Let w be c(9). What is the greatest common divisor of 51 and w?
17
Let l be ((-36)/(-10))/(9/30). Calculate the highest common factor of l and 12.
12
Suppose -u = -4*a + 289, 0*a + 363 = 5*a - 3*u. What is the highest common factor of a and 24?
24
Let x be (0 - -5)*4/10. Calculate the highest common factor of 2 and x.
2
Suppose 5*u + 65 = -170. Let b be (-2)/(-5) - (-736)/10. Let t = u + b. What is the highest common factor of 9 and t?
9
Suppose 8 = 3*w - 5*i, -4*w + 8*i = 3*i - 9. Suppose 5*d - 100 = -30. Let k be w/(-3) - d/(-6). What is the greatest common factor of k and 18?
2
Let x(z) = 2 + z - 6*z**3 + 4 + 5*z**3. Let j be x(0). Let i be -2 + (-1)/(3/(-150)). Calculate the greatest common factor of i and j.
6
Suppose 5*g + 4 = 2*q + 3, -2*g = -q + 2. Suppose -n - 22 = -2*n - 5*z, 0 = n - 5*z + q. What is the highest common divisor of 63 and n?
7
Let r = 1 + 4. Suppose 163 + 17 = r*d. Let c be ((-12)/8)/(3 - (-49)/(-16)). Calculate the greatest common divisor of d and c.
12
Let t be -16*(3 + ((-380)/16)/5). Calculate the highest common factor of 21 and t.
7
Let r = -35 + 74. Suppose c - r = -2*c. Calculate the greatest common factor of 39 and c.
13
Let m = 28 + -22. Let i be 109 - (-1 - 0)/1. Let k be i*(1 - m/10). Calculate the highest common factor of k and 11.
11
Let t(h) = -h + 7. Let i be t(-5). Let a(g) = -9*g + 6. Let y be a(-6). Calculate the highest common factor of y and i.
12
Let t(l) = l**2 + 7*l - 1. Let j be t(-7). Let a be 2/(-6) + (-10)/(-3). Let q be 3/(j*a)*-9. Calculate the highest common factor of q and 27.
9
Let n = -16 + 32. Let w(f) = -f**3 + f**2 + 4. Let u be w(0). Calculate the greatest common divisor of u and n.
4
Suppose -108 = -4*z + 12. Suppose z = -0*k + 2*k. Calculate the greatest common divisor of 165 and k.
15
Suppose 0 = 2*w + 2 - 28. Suppose x - s = 105, x = 3*s + s + 93. Suppose -34 = -g + x. Calculate the highest common divisor of w and g.
13
Let u be 3 + (-1 - (-4 + 3)). Suppose 4*x + 11 = -h + u, -x = 3. Calculate the greatest common factor of 1 and h.
1
Suppose -r - 2 + 37 = 3*z, -2*z + r + 25 = 0. Let i = -9 + 4. Let p be 36 - 0 - 0/i. Calculate the highest common factor of z and p.
12
Let r = 87 + -69. Calculate the highest common divisor of r and 54.
18
Let x be 4*(0 + 6/8). Let s = 8 - x. Suppose 3*u - 180 = -u. What is the greatest common divisor of s and u?
5
Let h(b) be the third derivative of b**5/60 - 7*b**4/24 + 7*b**3/6 + 5*b**2. Let r be h(6). Calculate the greatest common divisor of r and 4.
1
Suppose -4*l - 124 = -2*z - 2*l, -z - 2*l + 50 = 0. Calculate the highest common divisor of z and 406.
58
Let q be 375/(-30)*(-4)/5. Calculate the greatest common factor of q and 50.
10
Let c be 2 + -1 + (-280)/(-4). Let j = c + -51. What is the greatest common factor of j and 40?
20
Suppose 0*a - 1386 = -7*a. What is the greatest common divisor of 18 and a?
18
Suppose -22 = -4*r + 146. Suppose -i - r = -4*i. Calculate the greatest common divisor of 126 and i.
14
Let a(v) = -v**3 + 8*v**2 + v - 1. Let l(i) = 7*i**3 - i**2 - i + 1. Let w be l(1). Let g be a(w). Calculate the highest common divisor of g and 7.
7
Suppose 4*y - 108 = 8*y. Let v = -16 - y. Calculate the highest common factor of v and 99.
11
Let s(j) = -j**3 + 5*j**2 - 4*j + 4. Let t be s(4). Suppose 2*f - 3 = -f, 0 = t*w + 2*f - 830. Calculate the greatest common divisor of 23 and w.
23
Let a = 154 - 82. Calculate the greatest common factor of 9 and a.
9
Suppose -3*r = -4*r + 39. What is the greatest common divisor of r and 78?
39
Let z(n) = 188*n**2 - n. Let s be z(1). Suppose -4*f - 27 + s = 0. Let x be (-5 - -3) + (19 - 1). What is the highest common divisor of x and f?
8
Let n(c) = c - 2. Let h be n(6). Calculate the greatest common divisor of h and 2.
2
Suppose -1 - 24 = -5*w. Suppose -w*u - r = r - 25, -10 = 5*u - 5*r. What is the highest common factor of u and 15?
3
Let y(z) = 8*z + 10. Let o be y(7). What is the greatest common factor of o and 44?
22
Let o(m) = m**2 - m - 2. Let f be o(-3). Suppose 0 = 4*j, j - 20 - 30 = -x. Calculate the greatest common divisor of x and f.
10
Suppose -6*g + 51 = -3*g. Suppose -4*h = -i + 2, 5*h = 2*i - 7 + 3. Let y be i/(-2) + 86/1. Calculate the greatest common divisor of y and g.
17
Suppose 12 = 4*q + 3*s, -2*q - 2*s + 8 = 3*q. Suppose q = -3*i + 5*i - 10. Calculate the greatest common factor of i and 15.
5
Let c(x) = x**3 - x + 30. Let g be c(0). Suppose 4*p - 33 - 15 = 0. What is the highest common divisor of p and g?
6
Let r be (-2)/(-4)*-1*6. Let o = 31 - 11. Let n be o*(27/5 + r). What is the highest common factor of 24 and n?
24
Let v = 27 - 12. Let c = 1 + 2. Calculate the highest common factor of c and v.
3
Suppose 0 = 5*f - 2*a - 248, 164 = 3*f + 3*a + 11. Calculate the highest common factor of 10 and f.
10
Let g be 7/(-14)*(-6)/(-1). Let o(d) = d**3 + 4*d**2 - d. Let h be o(g). Calculate the highest common divisor of h and 3.
3
Let a(y) = 3*y - 5. Let r be a(2). Let c be -3 + r/(2/14). Calculate the highest common divisor of c and 24.
4
Suppose -j - 4 = -2*j. Let l be (-145)/(-4) - (-6)/(-24). Calculate the greatest common factor of l and j.
4
Let r(x) = -4*x + 5. Let l be r(-1). What is the highest common factor of l and 27?
9
Suppose 3*x + 3*b - 18 = 0, x = 5*b - 8 + 2. Suppose 0*q + x*q - 56 = 0. Let o be (-6)/(-1)*(-21)/(-6). Calculate the greatest common factor of q and o.
7
Let t(d) = d**3 - 11*d**2 + 2*d + 33. Let p be t(11). Calculate the highest common divisor of 11 and p.
11
Suppose -2*l - 160 = -7*l. Let c be 34/4 + (-1)/2. Calculate the greatest common factor of c and l.
8
Let r(g) = -g**3 - 2*g**2 - g. Let b be r(-2). Let w = 2 - b. Suppose l + 2*j + j - 16 = 0, -l - 2*j + 12 = w. What is the greatest common factor of 20 and l?
4
Let t(r) = -18*r - 6. Let g be t(-7). Suppose 40 = 4*z + 4*p, -2*z + 1 = -4*p - 49. What is the highest common divisor of z and g?
15
Suppose -3*l + 52 = 13. Let r(k) = k**3 + k**2 - 4. Let x be r(0). Let q = x + l. What is the highest common divisor of q and 18?
9
Let v(o) = 27*o + 109. Let h be v(-2). Suppose -9 = -5*x + 16. Calculate the highest common divisor of x and h.
5
Let k(o) = 5*o**2 + o - 1. Let v be k(-1). Calculate the greatest common divisor of 27 and v.
3
Suppose 0 = 4*l - 102 + 18. Let r(u) = -3 - 1 + 0 - 2 + u. Let v be r(9). What is the greatest common divisor of v and l?
3
Let j be 12/15*(14 + 1). Suppose 2*m - 331 = -4*q + 91, 3*q + 2*m = 314. Calculate the greatest common divisor of j and q.
12
Let b = 0 - -10. Suppose 0 = -d + 3*d + 18. Let h(y) = y**3 + 8*y**2 - 12*y - 7. Let k be h(d). What is the highest common divisor of b and k?
10
Suppose 97 = -4*b + 21. Let d = -18 - b. What is the highest common divisor of d and 3?
1
Let s = -24 + 39. Let a be (4/(-3))/(2/(-6)). Suppose 2*c - 3*v - a = -v, 4*c + 3*v = s. What is the greatest common factor of c and 1?
1
Let p = 50 + -32. Calculate the greatest common divisor of p and 12.
6
Let b(a) = -a + 1. Let f(n) = 30*n - 25. Let h(w) = 50*b(w) + 2*f(w). Let r be h(7). What is the greatest common divisor of 10 and r?
10
Suppose 4*d + 181 = 561. Let y be 74/4 + 2/4. Calculate the highest common factor of y an